f 34 and r.
1
Let z(o) = o**3 - 17*o**2 - o + 19. Let m be z(17). Suppose -3*d - 3*p + 0*p = -315, 2*d - m*p = 230. What is the greatest common factor of 10 and d?
10
Suppose 27*w + 2376 = 35*w. What is the greatest common factor of w and 11?
11
Suppose 46 = -a + 2*r - 0, 2*a + 95 = r. Let p = 86 + a. Calculate the greatest common divisor of 57 and p.
19
Let l(r) be the second derivative of 7/12*r**4 - r**2 + 0 - 1/20*r**5 - 5/6*r**3 - 4*r. Let b be l(4). Calculate the highest common divisor of b and 104.
26
Suppose 95 = 3*y + 2*y. Let c = 166 + 138. Suppose d + d = c. Calculate the greatest common factor of y and d.
19
Suppose 0 = 158*g - 30047 - 20987. What is the greatest common factor of g and 76?
19
Let c be (2*-1)/((-14)/10 + 1). Suppose 493 = c*z + o, -7 + 1 = 3*o. Calculate the highest common factor of z and 66.
33
Suppose -4*j + 23*u - 19*u = -68, 0 = -5*j - 3*u + 45. Calculate the highest common divisor of 996 and j.
12
Let o(y) = -6*y**3 - 3*y**2 - 10*y - 18. Let f be o(-2). Calculate the greatest common divisor of f and 171.
19
Suppose 559 + 161 = 10*b. Let t = 6 - 0. Suppose -4*q + 3*r + 27 = 0, q = r + 4*r - t. Calculate the greatest common divisor of b and q.
9
Let q(b) = 3*b + 12. Let c be q(4). Let l(r) = -r**3 - 4*r**2 - 4*r - 4. Let o be l(-4). Calculate the greatest common factor of c and o.
12
Suppose 3*g - 3*s - 84 = 0, g + 0*s - 31 = -2*s. Suppose 0 = -o + 4*v + 183, 0 = -2*o + 3*v + 75 + 316. What is the greatest common divisor of g and o?
29
Let w be ((-1419)/(-172))/((-6)/(-272)). What is the highest common factor of w and 34?
34
Let z = 23 + -25. Let o(u) = -6*u**3. Let i be o(z). Let w(t) = 31*t**2 + 2*t - 1. Let j be w(1). What is the greatest common divisor of j and i?
16
Let p(i) = i**3 - 10*i**2 + i - 8. Let r be p(10). Suppose 10 = s - r. Let w = s + -11. Calculate the greatest common divisor of w and 3.
1
Let k be (52/(-6))/(2/(-9)). Suppose 0 = -2*y, -4*y = 5*i - 2*i - 39. What is the greatest common factor of i and k?
13
Suppose -1 = -2*k + 11. Suppose 23841 - 23705 = 34*z. Calculate the highest common divisor of z and k.
2
Let d = -9 - -14. Suppose t - 483 = -5*j - 0*t, -5*t + 495 = d*j. What is the highest common factor of 12 and j?
12
Let z(r) be the first derivative of -2*r**2 - 3*r - 7. Suppose -8*i = -3*i + 15. Let o be z(i). Calculate the greatest common divisor of o and 81.
9
Let a = 1523 - 1487. Calculate the greatest common divisor of 3 and a.
3
Suppose 133*m - 1560 = 118*m. What is the highest common divisor of m and 962?
26
Suppose -2*j = -2*s + 10, j = -j - 10. Suppose 4*p - 5*p + 3*y + 17 = s, 54 = 4*p - 5*y. What is the highest common divisor of 22 and p?
11
Suppose 3888 = 44*o - 20*o. What is the highest common factor of 54 and o?
54
Suppose -503 = -7*s + 1975. Calculate the greatest common divisor of s and 12.
6
Suppose -2*f + u + 80 = 17, 20 = -4*u. What is the highest common divisor of f and 1073?
29
Suppose -21*p + 4401 + 1227 = 0. What is the greatest common factor of p and 871?
67
Suppose g + 5*z = 118 + 448, -4*z = -g + 557. Calculate the greatest common factor of 33 and g.
33
Suppose 0 = 21*h - 610 - 20. Calculate the greatest common factor of h and 120.
30
Suppose 2*x + 84 = 8*x. Let j(b) = -43*b - 9. Let i(v) = 22*v + 4. Let q(z) = 5*i(z) + 3*j(z). Let f be q(-7). Calculate the greatest common divisor of f and x.
14
Let y be 0 + (0 - 5) + 10. Let r = -87 + 122. Calculate the highest common divisor of y and r.
5
Let s be ((-2)/3)/(12/(-270)). Let t be 48/s*3/12*530. What is the greatest common factor of 53 and t?
53
Suppose -2*r - r = c + 82, 2*c + 180 = 2*r. Let y be (216/(-32))/(3/c). What is the greatest common divisor of y and 18?
18
Let x(w) = -2*w**2 - 12*w + 170. Let h be x(-10). Let f(o) = -5*o - 5. Let k be f(-4). Calculate the highest common factor of h and k.
15
Let c be (-13)/((-819)/26320) - (-4)/18. What is the greatest common factor of c and 38?
38
Let c = 12 + 86. Suppose -3*j - 1108 = c. Let o be 3/(-15) - j/10. What is the highest common factor of 5 and o?
5
Let p(y) = -y**3 - 8*y**2 + 10. Suppose -9 + 17 = -k. Let b be p(k). Let z be (-2)/6 + 302/6. Calculate the highest common factor of b and z.
10
Let q = -899 - -1359. What is the highest common factor of q and 20?
20
Let k = -1376 - -1438. What is the greatest common divisor of k and 93?
31
Let k = 432 + -424. What is the greatest common divisor of 58 and k?
2
Let v = -322 - -192. Let y = 427 + v. Calculate the greatest common factor of y and 33.
33
Suppose 2*p + 4*g = 20, 0 = -4*p - 4*g - 13 + 65. Calculate the greatest common factor of 156 and p.
4
Suppose -135 + 289 = 7*k. Calculate the greatest common factor of k and 704.
22
Suppose 3*j = 27 + 18. Suppose -66*k = -75 - 123. What is the greatest common factor of k and j?
3
Let z = -56 + 60. Suppose -z*m = 3*m - 70. What is the highest common factor of m and 10?
10
Let s(r) = 80*r**2 + 2*r - 2. Let a be s(2). Let t be 88/(-1 + 3) + 2. What is the highest common divisor of t and a?
46
Suppose -4*h + 0*h + 40 = 0. Let t = h + -4. Let n(j) = -j + 6. Let f be n(-9). What is the greatest common factor of f and t?
3
Suppose -31*b + 11224 = 30*b. Suppose 2*q - 3 = 3. Suppose -q*c + 23 = -2*c. Calculate the greatest common factor of b and c.
23
Let h be 46*((-1)/(-2))/(3/30). Calculate the greatest common divisor of h and 10.
10
Suppose -123 = -5*v + 3*o, 5*v - 90 = -2*o + 28. Let u = -162 + 426. Calculate the highest common factor of u and v.
24
Let h(w) = -w - 1. Let f(q) = -q**2 - 7*q + 50. Let u(r) = f(r) + 4*h(r). Let k be u(-14). What is the greatest common factor of k and 32?
4
Suppose 20240 = 4*y + 36*y. Calculate the greatest common divisor of y and 115.
23
Suppose -d + 10 = x - 3*x, -x = 4*d - 58. Suppose -4*s - 2*i + 214 = 0, 4*s - 5*i - 81 = 3*s. What is the greatest common factor of s and d?
14
Let d be (-1)/((-5)/(-85))*-1. Let r(l) = 2*l + 1. Let k be r(2). Suppose k*w - 55 = -4*g, -g - g + d = -w. What is the greatest common divisor of g and 10?
10
Suppose 27 - 3 = 4*t. Let i(j) = j**3 + 8*j**2 + j - 19. Let n be i(-8). Let z be (n/54)/(((-1)/60)/1). What is the greatest common factor of z and t?
6
Suppose 10*m - 30832 = -31*m. Calculate the greatest common factor of 47 and m.
47
Let l(j) = -3*j + 24. Let m(n) = 5*n - 48. Let a(t) = -11*l(t) - 6*m(t). Let f be a(0). What is the greatest common divisor of f and 60?
12
Let o(m) = -m**3 + 5*m**2 + 9*m - 15. Let d be o(6). Let t = 13 - d. Suppose 2*x - 15 = x - 5*n, 2*x - 2*n = 18. What is the greatest common divisor of t and x?
10
Let u(j) = -3*j**2 - j + 176. Let b(o) = -o**3 + 4*o**2 + 3*o - 12. Let q be b(4). Let h be u(q). What is the greatest common divisor of 16 and h?
16
Let y = 0 - -10. Let q = y - -1. Suppose -n - q = -2*n. What is the greatest common divisor of n and 11?
11
Let j = 486 + -244. Calculate the highest common factor of j and 88.
22
Suppose 6*y + 460 = 5*s + 2*y, 0 = 5*s - 5*y - 460. Calculate the highest common divisor of 4 and s.
4
Suppose -2*v = 3*v + 4*c - 259, 4*c + 236 = 4*v. What is the greatest common divisor of v and 99?
11
Suppose 0 = 13*y - 14*y - 3. Let d be (-24)/14*14/y. Calculate the highest common divisor of d and 40.
8
Let r(q) = q**2 - 5*q - 21. Let n be r(8). Let t = -6 + 30. What is the greatest common divisor of t and n?
3
Let r be (8086/130)/((-2)/(-20)) + -7. Calculate the greatest common divisor of r and 60.
15
Let u(p) = 3*p - 18. Let c be u(11). Let g = c - 7. Suppose g*w = 3*w + 155. Calculate the highest common factor of 155 and w.
31
Let m be (-2)/8 - (-165)/(-12). Let z = m - -28. What is the highest common divisor of z and 70?
14
Let h = 15 - 20. Let b = h - -26. Let z = b - 5. What is the highest common divisor of 112 and z?
16
Let q = -139 + 197. Suppose 2*u - 138 = -4*h + u, 2*h - 5*u = q. Suppose -2*o + 178 = h. Calculate the highest common factor of o and 36.
36
Let w = 306 + -299. Calculate the highest common divisor of w and 175.
7
Let s(d) = 93*d**2 - 10*d - 24. Let y be s(-2). Calculate the greatest common divisor of 46 and y.
46
Let n be ((-2)/4)/((-1)/66). Suppose -14*o = -16*o + 5*c + 553, -o = c - 259. What is the highest common divisor of o and n?
33
Let z be 0 - 1 - -3 - 0. Let j be (-2)/(-16)*z + (-126)/(-8). Calculate the highest c